{"id":102,"date":"2024-01-30T08:40:32","date_gmt":"2024-01-30T07:40:32","guid":{"rendered":"https:\/\/fhce.mup.at\/?page_id=102"},"modified":"2024-12-20T10:54:11","modified_gmt":"2024-12-20T09:54:11","slug":"unternehmen-2","status":"publish","type":"page","link":"https:\/\/fhce.at\/?page_id=102","title":{"rendered":"Unternehmen"},"content":{"rendered":"<section class=\"l-section wpb_row height_small\"><div class=\"l-section-h i-cf\"><div class=\"g-cols vc_row via_flex valign_top type_default stacking_default\"><div class=\"vc_col-sm-12 wpb_column vc_column_container\"><div class=\"vc_column-inner\"><div class=\"wpb_wrapper\">\t\t\t<!-- Cool Timeline Free V3.3.0 -->\n\t\t\t<div class=\"ctl-wrapper\" role=\"region\" aria-label=\"Timeline\">\n\t\t\t\t\t\t\t\t<div id=\"cool_timeline_1\" class=\"cool-timeline-wrapper ctl-both-sided ctl-vertical-wrapper ctl-compact-wrapper\" >\n\t\t\t\t\t<div class=\"ctl-start\"><\/div>\n\t\t\t\t\t<!-- Timeline Container -->\n\t\t\t\t\t<div class=\"ctl-timeline ctl-timeline-container\" data-animation=\"none\">\n\t\t\t\t\t\t<!-- Center Line -->\n\t\t\t\t\t\t<div class=\"ctl-inner-line\" role=\"presentation\"><\/div>\n\t\t\t\t\t\t\t\t\t\t\t\t<!-- Timeline Content --><div  id=\"ctl-story-504\" class=\"ctl-story ctl-story-icon odd ctl-story-right\" data-aos=\"none\"   data-story-index=\"1\" role=\"article\"><!-- Story Icon --><div class=\"ctl-icon\"><i class=\"fa fa-clock-o\" aria-hidden=\"true\"><\/i><\/div> <!-- Story Arrow --><div class=\"ctl-arrow\"><\/div><!-- Story Content --><div class=\"ctl-content\"><!-- Story Title --><div class=\"ctl-title story-504\" aria-label=\"2\">Aktuell<\/div><!-- Story Date --><div class=\"ctl-labels\"><div class=\"ctl-label-big story-date\">20\/12\/2024<\/div><\/div><!-- Story Description --><div class=\"ctl-description\"><p>Zur Zeit besch\u00e4ftigt die FHCE &#8211; ZT GmbH 16 Mitarbeiter*innen, darunter f\u00fcnf Diplomingenieure und sieben Ingenieure.<\/p>\n<\/div><\/div><\/div><!-- Timeline Content --><div  id=\"ctl-story-141\" class=\"ctl-story ctl-story-icon even ctl-story-left\" data-aos=\"none\"   data-story-index=\"2\" role=\"article\"><!-- Story Icon --><div class=\"ctl-icon\"><i class=\"fa fa-clock-o\" aria-hidden=\"true\"><\/i><\/div> <!-- Story Arrow --><div class=\"ctl-arrow\"><\/div><!-- Story Content --><div class=\"ctl-content\"><!-- Story Title --><div class=\"ctl-title story-141\" aria-label=\"2\">Erweiterung<\/div><!-- Story Date --><div class=\"ctl-labels\"><div class=\"ctl-label-big story-date\">01\/03\/2024<\/div><\/div><!-- Story Description --><div class=\"ctl-description\"><p>Mit 01.03.2024 erg\u00e4nzt Herr DI Max Affenzeller die Gesch\u00e4ftsf\u00fchrung der FHCE- ZT GmbH und erweitert mit seiner Befugnis \u201eBauingenieurwissenschaften\u201c das Leistungsbild.<\/p>\n<\/div><\/div><\/div><!-- Timeline Content --><div  id=\"ctl-story-145\" class=\"ctl-story ctl-story-icon odd ctl-story-right\" data-aos=\"none\"   data-story-index=\"3\" role=\"article\"><!-- Story Icon --><div class=\"ctl-icon\"><i class=\"fa fa-clock-o\" aria-hidden=\"true\"><\/i><\/div> <!-- Story Arrow --><div class=\"ctl-arrow\"><\/div><!-- Story Content --><div class=\"ctl-content\"><!-- Story Title --><div class=\"ctl-title story-145\" aria-label=\"2\">\u00dcbernahme<\/div><!-- Story Date --><div class=\"ctl-labels\"><div class=\"ctl-label-big story-date\">01\/11\/2019<\/div><\/div><!-- Story Description --><div class=\"ctl-description\"><p>Per 01.11.2019 \u00fcbernimmt Herr DI Christian Affenzeller (Miteigent\u00fcmer der Firma Machowetz&amp;Partner Consulting Ziviltechniker GmbH, Linz) die Anteile und die Gesch\u00e4ftsf\u00fchrung der FHCE \u2013 ZT GmbH.<\/p>\n<\/div><\/div><\/div><!-- Timeline Content --><div  id=\"ctl-story-143\" class=\"ctl-story ctl-story-icon even ctl-story-left\" data-aos=\"none\"   data-story-index=\"4\" role=\"article\"><!-- Story Icon --><div class=\"ctl-icon\"><i class=\"fa fa-clock-o\" aria-hidden=\"true\"><\/i><\/div> <!-- Story Arrow --><div class=\"ctl-arrow\"><\/div><!-- Story Content --><div class=\"ctl-content\"><!-- Story Title --><div class=\"ctl-title story-143\" aria-label=\"2\">Gr\u00fcndung<\/div><!-- Story Date --><div class=\"ctl-labels\"><div class=\"ctl-label-big story-date\">01\/01\/1953<\/div><\/div><!-- Story Description --><div class=\"ctl-description\"><p>Seit seiner Gr\u00fcndung im Jahre 1953 besch\u00e4ftigt sich das Ingenieurb\u00fcro FHCE &#8211; Ziviltechniker GmbH (vormals FHCE- Dr. Floegl Hydro Consulting Engineers) mit seinen derzeit etwa 16 Mitarbeitern, am Standort in Linz, mit Umwelttechnik, Siedlungswasserbau, Hochwasserschutz, Anlagenbau, sowie mit dem Verkehrswegebau und der Abfallwirtschaft.<\/p>\n<\/div><\/div><\/div>\t\t\t\t\t<\/div>\n\t\t\t\t\t<div class=\"ctl-end\"><\/div>\n\t\t\t\t\t\t\t\t\t<\/div>\n\t\t\t<\/div>\n\t\t\t<div class=\"wpb_text_column hide_on_default hide_on_laptops hide_on_tablets hide_on_mobiles\"><div class=\"wpb_wrapper\"><p>Seit seiner Gr\u00fcndung im Jahre 1953 besch\u00e4ftigt sich das Ingenieurb\u00fcro FHCE &#8211; Ziviltechniker GmbH (vormals FHCE- Dr. Floegl Hydro Consulting Engineers) mit seinen derzeit etwa 16 Mitarbeitern, am Standort in Linz, mit Umwelttechnik, Siedlungswasserbau, Hochwasserschutz, Anlagenbau, sowie mit dem Verkehrswegebau und der Abfallwirtschaft.<\/p>\n<p>Per 01.11.2019 \u00fcbernimmt Herr DI Christian Affenzeller (Miteigent\u00fcmer der Firma Machowetz&amp;Partner Consulting Ziviltechniker GmbH, Linz) die Anteile und die Gesch\u00e4ftsf\u00fchrung der FHCE \u2013 ZT GmbH.<\/p>\n<p>Mit 01.03.2024 erg\u00e4nzt Herr DI Max Affenzeller die Gesch\u00e4ftsf\u00fchrung der FHCE- ZT GmbH und erweitert mit seiner Befugnis \u201eBauingenieurwissenschaften\u201c das Leistungsbild.<\/p>\n<\/div><\/div><\/div><\/div><\/div><\/div><\/div><\/section>\n","protected":false},"excerpt":{"rendered":"Seit seiner Gr\u00fcndung im Jahre 1953 besch\u00e4ftigt sich das Ingenieurb\u00fcro FHCE - Ziviltechniker GmbH (vormals FHCE- Dr. Floegl Hydro Consulting Engineers) mit seinen derzeit etwa 16 Mitarbeitern, am Standort in Linz, mit Umwelttechnik, Siedlungswasserbau, Hochwasserschutz, Anlagenbau, sowie mit dem Verkehrswegebau und der Abfallwirtschaft.","protected":false},"author":1,"featured_media":133,"parent":0,"menu_order":0,"comment_status":"closed","ping_status":"closed","template":"","meta":{"_acf_changed":false,"footnotes":""},"class_list":["post-102","page","type-page","status-publish","has-post-thumbnail","hentry"],"acf":[],"_links":{"self":[{"href":"https:\/\/fhce.at\/index.php?rest_route=\/wp\/v2\/pages\/102","targetHints":{"allow":["GET"]}}],"collection":[{"href":"https:\/\/fhce.at\/index.php?rest_route=\/wp\/v2\/pages"}],"about":[{"href":"https:\/\/fhce.at\/index.php?rest_route=\/wp\/v2\/types\/page"}],"author":[{"embeddable":true,"href":"https:\/\/fhce.at\/index.php?rest_route=\/wp\/v2\/users\/1"}],"replies":[{"embeddable":true,"href":"https:\/\/fhce.at\/index.php?rest_route=%2Fwp%2Fv2%2Fcomments&post=102"}],"version-history":[{"count":19,"href":"https:\/\/fhce.at\/index.php?rest_route=\/wp\/v2\/pages\/102\/revisions"}],"predecessor-version":[{"id":130,"href":"https:\/\/fhce.at\/index.php?rest_route=\/wp\/v2\/pages\/102\/revisions\/130"}],"wp:featuredmedia":[{"embeddable":true,"href":"https:\/\/fhce.at\/index.php?rest_route=\/wp\/v2\/media\/133"}],"wp:attachment":[{"href":"https:\/\/fhce.at\/index.php?rest_route=%2Fwp%2Fv2%2Fmedia&parent=102"}],"curies":[{"name":"wp","href":"https:\/\/api.w.org\/{rel}","templated":true}]}}